st common factor of j and z?
8
Let n(j) = -7*j**3 - 4*j**2 + 9*j + 238. Let k be n(-15). Calculate the highest common divisor of 52 and k.
52
Let q be -2*(1 - -1*7). Let c = -1841 + 1845. Let v = c - q. What is the greatest common divisor of v and 4?
4
Let z(h) = 13*h**2 + 2*h + 6. Let k be z(-2). Suppose -6*c - 44 = -4*c. Let x = -16 - c. What is the greatest common divisor of k and x?
6
Let q be (-2616)/(-88) + -16 - (-18)/66. Let b = 36 - -6. What is the highest common divisor of b and q?
14
Suppose 3*q = -2*s + 421, -4*q - 3*s = -5*q + 155. Let m(j) = -j**3 + 23*j**2 + 30*j - 105. Let f be m(24). Calculate the greatest common divisor of f and q.
13
Let z(b) = b**2 - 17*b + 12. Suppose 3*c - 6*f + f - 63 = 0, -5*c + 2*f = -105. Let t be z(c). Calculate the greatest common factor of 24 and t.
24
Let c be ((-2)/(8/(-30)))/((-352)/(-1408)). Let j be 618 + -4 + 4/4. What is the greatest common factor of j and c?
15
Let d be 666/45 + -15 - (-402)/10. What is the highest common factor of 32 and d?
8
Let i(h) = 152*h**2 + 389*h + 3186. Let c be i(-8). Calculate the highest common divisor of c and 29.
29
Let f = 5197 + -4337. What is the highest common divisor of 2107 and f?
43
Let a(h) = -h + 3. Let p be a(-1). Suppose 9*y = 8*y + p. Suppose -m = -l + 60, -y*m - 107 - 188 = -5*l. Calculate the highest common factor of 11 and l.
11
Let a(h) = 4*h**2 + 25*h + 14. Let u be a(-6). Suppose 11 = 3*x + b - 8, -2*x + u = -4*b. What is the highest common factor of x and 34?
2
Let z = 62 - -6. Suppose 2*g - z - 34 = 0. What is the highest common divisor of g and 187?
17
Let s be ((32/(-7))/(-4))/((-22)/(-77)). Suppose -s*j + 150 = 6*j. Calculate the greatest common divisor of j and 6.
3
Suppose -27*y - 189 = -24*y. Let x be (-18)/y - (-183)/21. Calculate the greatest common factor of 18 and x.
9
Let t be (-4)/6*(-72)/16. Suppose 3*v = 5*l + 28, 0 = -t*v - v - 4*l - 16. Suppose 28*r + 10*r - 76 = 0. Calculate the highest common factor of r and v.
1
Let w(k) = -301*k - 4810. Let a be w(-16). What is the highest common divisor of a and 1354?
2
Let w = 107 + -71. Let k = 134 - 46. Let y be -2 + k + (1 - -3). Calculate the highest common factor of w and y.
18
Let y = 12943 - 7480. Calculate the greatest common divisor of y and 27.
9
Let n be 1202/15 + (-20)/150. Let i = 187 + -133. Suppose -i = -o - 38. Calculate the highest common factor of n and o.
16
Let v = -86 - -90. Suppose 49 = n + v. Calculate the greatest common factor of n and 1170.
45
Suppose -4*o + 16 = 0, 49*q = 51*q + 6*o - 272. Let z be 1/4 + (-738)/(-24). What is the greatest common factor of q and z?
31
Let t(v) = -v**3 + 16*v**2 + 22*v + 3. Let h be t(17). Let f = 211 + -200. Calculate the highest common factor of f and h.
11
Suppose -7*b + 21026 + 2536 = 0. Calculate the highest common factor of 272 and b.
34
Suppose -513*o + 502*o = -20636. What is the greatest common factor of o and 56?
28
Suppose 384 = -17*b + 3206. Let u = 186 - b. What is the highest common factor of u and 860?
20
Let p(l) be the first derivative of l**3 - 8*l**2 + 10*l + 328. Let z be p(6). Suppose 0 = q + 75 - 317. Calculate the greatest common divisor of z and q.
22
Suppose 0 = -2*d + 14, -26*z = -23*z - 3*d - 1119. What is the greatest common factor of 3572 and z?
76
Let a(o) = 4*o**2 - 66*o - 139. Let f be a(32). Calculate the highest common factor of f and 1395.
45
Suppose d + 6 = 3*d. Suppose -3*r - 630 = -17*r. Suppose -6*v + 11*v = r. What is the highest common divisor of v and d?
3
Suppose 4*k = -3*k + 42. Let p be 1 + 1 + ((-54)/(-2) - 1). What is the highest common factor of p and k?
2
Let u = 1895 + -1549. Calculate the greatest common divisor of 2941 and u.
173
Let i = 65 - -20. Let b = i - 85. Suppose b = v - 50 + 13. Calculate the highest common factor of 111 and v.
37
Let h = -24 + 20. Let b be 1/(-2*h/40). Let r = -27 + 62. Calculate the greatest common divisor of b and r.
5
Let v(f) = 2*f**2 - 9*f - 40. Let l(d) = -d**2 + 5*d + 19. Let p(k) = 7*l(k) + 3*v(k). Let q be p(8). Calculate the greatest common divisor of 13 and q.
13
Suppose -2*t + 49577 + 39201 = 5*u, 0 = -2*t - 12. What is the highest common factor of u and 26?
26
Let x(s) = 5*s + 29. Let i(j) = -6*j - 29. Let m(n) = 6*i(n) + 7*x(n). Let f be m(-12). Let c = f + -11. Calculate the greatest common factor of c and 210.
30
Let r = 4664 + -4268. Let l be ((-2)/5)/((-10)/300). What is the greatest common factor of r and l?
12
Let b be (-28)/((-8)/(-28)*-1). Suppose -3*d - 2*d = -2*p - 471, -2*d + 2*p + 192 = 0. Let i = b - d. What is the highest common factor of 80 and i?
5
Let m = 14164 + -13823. What is the greatest common factor of 99 and m?
11
Let i(q) = -3*q + 1. Let m(k) = 16*k - 114. Let y(t) = -4*i(t) - 2*m(t). Let c be y(-28). Calculate the greatest common factor of c and 16.
16
Let v be -4*((-540)/66 + ((-120)/66)/(-10)). Let c be (2*3)/(0 - -2). Suppose 0 = c*a - 90 - 102. What is the highest common factor of v and a?
32
Suppose 3*c + 12*c = -30. Let d be ((c - -8) + -7)*-217. Calculate the greatest common divisor of 31 and d.
31
Let f = 6276 - -26897. Calculate the highest common factor of 49 and f.
49
Let u = 99 + -93. Suppose 4*b = -5*d + 91 + u, -d = -5. What is the greatest common divisor of b and 12?
6
Suppose 3*x - 24 - 25 = -2*k, 0 = -5*k + 5*x + 85. What is the highest common factor of k and 6830?
10
Let a = -4451 - -4498. What is the greatest common divisor of a and 141?
47
Suppose 16 = -195*m + 203*m. Let a = -109 + 115. What is the greatest common factor of a and m?
2
Let f(x) = -x**3 - 9*x**2 + 5*x + 2. Let u be f(-10). Calculate the greatest common factor of 1326 and u.
26
Suppose 0 = 5*z + 2*v - 222, -3*v + 4 = -4*v. Let o(p) = -126*p + 3. Let w be o(-1). Let i = w + -14. What is the highest common divisor of i and z?
23
Let v = 4515 + -4475. What is the highest common divisor of v and 250?
10
Let f(d) = d**2 - 244*d + 5882. Let t be f(0). What is the highest common factor of 85 and t?
17
Suppose 75*c + 76*c = 4*c + 411012. What is the highest common factor of 12 and c?
12
Let t(o) = o**3 + 43*o**2 - 252*o + 8. Let q be t(-48). Calculate the greatest common divisor of 803 and q.
73
Let k = 8 + -46. Let i = k + 39. Let w = -3 - -4. Calculate the highest common factor of w and i.
1
Let m = -38 + 66. Let k(i) be the first derivative of -i**2/2 - 15*i + 146. Let t be k(-22). What is the highest common divisor of t and m?
7
Let b be (-2)/7 + 648/63. Let i = 1578 + -1388. What is the highest common factor of b and i?
10
Let z be 58239/135 + (-42)/(-70). Calculate the greatest common factor of z and 5400.
216
Suppose 0 = 97*x - 103*x + 3186. Calculate the greatest common factor of 9 and x.
9
Suppose -7*w = -390 - 681. Let y = 156 - w. Calculate the greatest common divisor of y and 114.
3
Let z(j) = 8127*j - 534. Let d be z(2). What is the greatest common factor of d and 120?
120
Suppose 0 = -30*l + 14*l + 3456. What is the highest common factor of l and 1440?
72
Let k be -1 + 173/7 + (-6)/(-21). Let p(a) = -1 + k - 17*a - 15 + a - a**2. Let v be p(-14). Calculate the highest common factor of 4 and v.
4
Let i be (11/33*3 + 9*-1)*-19. What is the highest common divisor of i and 16?
8
Suppose 0 = 2*u - 4*x - 2424, -8057 + 2051 = -5*u + x. Calculate the highest common divisor of u and 1350.
150
Suppose 12*o + 8*o - 1866 = 3354. Calculate the highest common divisor of o and 145.
29
Suppose 2*s + 480 = 17*s. Let t = -1 + -2. Let q(b) = -10*b**3 + b**2 - 5*b - 6. Let h be q(t). Calculate the highest common factor of h and s.
32
Suppose -12*s + 60 = -84. Let c be (-2 + 5/(-2))*(-832)/s. Calculate the greatest common factor of c and 117.
39
Let m = -90 - -186. Let x = 2600 + -2594. Calculate the greatest common divisor of m and x.
6
Suppose -48 = -4*o + 4*l + 80, 3*l - 40 = -o. Let t = 78 - o. Suppose -2*q + 16 + 332 = p, 0 = 5*q - p - 884. Calculate the highest common divisor of q and t.
44
Let z be 2/(((-3)/(-7))/3). Let g be (-39)/(-9) - 8/(-12). Suppose 5*u = -g, -3*n - 2*u + 103 = 2*n. What is the highest common factor of z and n?
7
Suppose d + 6241 - 137 = 4*s, -5*d = -20. What is the highest common divisor of 6 and s?
3
Let r(w) = -3*w**3 - 11*w**2 - 29*w. Let x be r(-7). Calculate the highest common factor of 198 and x.
99
